+ -17 - (1 - 5))
-1
What is -5 + 4 + 4 - (5 - 2)?
0
1 - (-1 + -1 + 3)
0
3 + -7 + 2 - 2
-4
Calculate (10 - 1) + -1 + -4.
4
-3 + (1 - -2) + -3 + 4
1
Evaluate (4 - 4 - 7) + -5 + 2.
-10
Calculate (-1 - 3) + (0 - 1).
-5
-2 + 2 + (-7 - -7) + 0
0
What is 1 + -1 + 0 + (3 - -2)?
5
-8 + 3 - (5 - 10)
0
Calculate -12 - (1 + 0 + -4).
-9
What is (4 - (-3 - 3)) + -6?
4
What is the value of (6 - 2 - 3) + (5 - 1)?
5
What is (-2 - -8) + 19 + -21?
4
Calculate 0 + -2 + 7 + -10 + 3.
-2
(-11 - -12) + 7 - 13
-5
-263 + 262 - ((0 - 2) + -4)
5
What is (4 - 3 - 6) + 1?
-4
-2 - ((-2 - (2 - 0)) + 4)
-2
Evaluate (7 - 5) + 9 + -6.
5
What is -84 + 83 + -2 + -1?
-4
Calculate 14 + (0 - (-7 + -1 + 13)).
9
-1 + -3 - 0 - (0 + 1)
-5
What is the value of -4 + 3 + (-1 - -4)?
2
Evaluate (-6 - (-13 - -5)) + -2.
0
Calculate -4 - (1 - ((0 - 3) + 4)).
-4
Calculate 3 - 5 - 1 - -6 - -2.
5
Evaluate -1 - (3 - (4 + 2) - -2).
0
4 - ((5 - -1) + 39 + -43)
2
Evaluate (-9 - -5 - -14 - 3) + -6.
1
Calculate (-6 + 2 - 2) + 11.
5
10 + (5 - 14) + 2
3
Calculate -28 + 25 - (-2 + 6) - -2.
-5
Calculate -9 + -2 + -2 - -6.
-7
What is the value of -14 + 6 - -6 - (1 + -5)?
2
Calculate -10 - (-3 - 4) - 0.
-3
Evaluate (3 - 5 - -7) + -6.
-1
Evaluate 3 - 0 - (-7 + 5 + 6).
-1
Evaluate (-3 - (-5 + 6)) + (-3 - -5).
-2
What is the value of 2 + 3 + (-9 - -8)?
4
28 - 26 - (3 - 11 - -4)
6
What is 4 + -3 + -3 + 5?
3
0 - ((-8 - -3) + 1)
4
What is 5 - -1 - 2 - (-2 - -10)?
-4
What is 3 + (0 - 11) + (32 - 31)?
-7
Calculate (3 - 6 - -1) + -3.
-5
Evaluate (7 - 13) + 5 + 3 + -1.
1
Evaluate 2 + 1 - (11 - (2 + 4)).
-2
-20 - -5 - (-17 - -4)
-2
What is the value of -4 + (10 + -3 - 10)?
-7
What is 2 + 4 + -13 + 2?
-5
What is 1 - (-1 + 3 + -1 + 1)?
-1
What is the value of (0 - (-5 - -2)) + -3?
0
Evaluate 5 + (4 - (10 - (8 + -5))).
2
Evaluate -40 + 31 + (3 - 0) + -2.
-8
Evaluate (-10 - (0 + 1)) + -34 + 39.
-6
Evaluate 7 + 6 - 5 - 6.
2
Calculate 1 + 0 + -1 - (-1 - -2).
-1
6 - (-17 - (8 + -20))
11
What is 7 + 1 - (-4 + 4 + 4)?
4
(-1 + -2 - 0) + 19 + -12
4
Calculate -29 + 30 + (-1 + 2 - 4).
-2
What is 5 + -3 + 0 + 0?
2
(-6 - -7 - -2) + -2
1
-6 + 2 - (0 + -1 - 0)
-3
What is -6 + 14 - (6 + 5)?
-3
What is -2 - 2 - -3 - (1 - 3)?
1
What is 3 - 1 - (-10 + 9)?
3
Calculate 6 + (-2 - (-4 - -3)).
5
What is the value of (3 - (-2 + 1)) + 1 + -1?
4
Evaluate 7 - (9 + -3 - 1).
2
Evaluate 14 + (-5 - (14 + -5)).
0
-1 - (-1 - (-5 + (7 - -1)))
3
What is (-1 - -1) + (0 - (-10 - -10))?
0
What is the value of -2 + (-4 - (-16 + 6))?
4
Evaluate 6 + (1 - 6) + 1.
2
Evaluate -6 - (-14 + (-6 - -11)).
3
5 + -1 - 1 - 5
-2
What is 3 + 8 + (-1 - 5) + 0?
5
Calculate (-15 - -8) + -2 + 5.
-4
Calculate 17 + -25 + (-1 - -8).
-1
What is 14 + (0 - (7 + 1))?
6
Calculate -2 - -7 - 3 - (-8 + 8).
2
Evaluate 0 - ((-6 - -2) + 5) - -2.
1
Calculate -10 - (-11 - -14 - (0 - -5)).
-8
Evaluate (-7 - 0) + (30 - 25).
-2
Calculate -1 - -1 - (-4 - (-3 - -4)).
5
Evaluate 3 + (-1 - (-6 + 6)) - 2.
0
3 + (-4 - (0 + 0)) + 1
0
Calculate -3 + (-1 - ((-2 - -7) + -5)).
-4
Evaluate -7 + 13 + -6 + -1.
-1
12 - (11 - (11 - 5))
7
Evaluate 3 + (5 - 11) - (-2 + 3).
-4
What is 3 - (5 - (3 + (0 - -1)))?
2
What is the value of -6 + 4 + -5 + 4 - -6?
3
Calculate (1 - (6 - 0)) + (-26 - -31).
0
Evaluate -6 + (8 - (-3 + 9)).
-4
Calculate -5 + -4 + 14 - -5.
10
What is -10 - ((-6 - -14) + -9)?
-9
-6 + 1 + (2 - -1)
-2
What is 4 + -1 - (17 - 11)?
-3
What is the value of -15 + (9 + -5 - -4)?
-7
-25 + 11 + 12 - (1 + -1)
-2
Calculate 5 - (0 - (5 + -9)).
1
Evaluate (4 - -1) + (46 - 51).
0
7 + -11 - (-9 + 2)
3
What is -18 - -16 - (3 - 0)?
-5
(0 - 1) + 235 + -227
7
Evaluate 0 - (20 + -5 + -9).
-6
What is (-4 - -1) + 2 - (-3 + 0)?
2
Evaluate 3 + (-12 - (8 - 15)).
-2
Calculate -2 + (-14 - -13 - (0 + -2)).
-1
Calculate -3 + (2 - 0) - (6 - 2).
-5
What is the value of 2 - ((13 - 4) + -23 + 16)?
0
Calculate -1 + 2 + 21 + -20 + 4.
6
4 + 0 + (2 - 4) + -1
1
What is 5 + 1 + -2 + 38 + -37?
5
Calculate 9 - 6 - (-1 + 0 + -1).
5
What is 3 + (3 - 8 - (-2 + 0))?
0
Calculate -1 - (-1 + (-2 - -5) - 7).
4
Evaluate 15 + 8 + -5 - 10.
8
What is the value of 9 + -8 + -10 + 18?
9
What is 10 - (3 + 1 + -2 + 3)?
5
-6 + -3 - -19 - 2
8
What is -2 - 1 - ((-10 - -4) + 4)?
-1
What is -10 + 9 - (5 + -1 + -2)?
-3
What is -4 + 0 + -5 + 4?
-5
Evaluate -5 + (9 - 0) + 0.
4
4 + -4 - (0 - 1) - -1
2
-17 - -5 - -10 - -3
1
Evaluate (-1 + -6 - -12) + -7.
-2
What is the value of 4 + -8 + 7 - 2?
1
What is 5 - (5 + -9) - 10?
-1
Calculate 14 - 13 - (1 - -1).
-1
What is the value of 9 + 0 + 1 + -11?
-1
What is the value of -9 + 3 + 6 + -3?
-3
Evaluate (1 - 10) + (-37 - -40).
-6
-4 + (5 - (-4 - (-1 + 2)))
6
(-2 - -5 - (0 + 0)) + 2
5
1 - (1 - 0 - 4 - -7)
-3
What is 3 + -1 - -1 - -1?
4
4 + -1 - (20 + -21)
4
What is the value of (3 - 0) + 10 + -12 + 4?
5
Calculate 14 + -3 + (4 - (6 + 2)).
7
What is the value of 7 + (-6 - (6 + -5))?
0
7 + -8 + 1 + -3 + 5
2
Calculate 43 + -38 + -11 + 2.
-4
What is the value of (3 - (7 - 5)) + (3 - -3)?
7
What is -4 - (-5 - 1) - (0 - -4)?
-2
Evaluate -4 - (-5 + -3 + 7).
-3
What is 3 - (3 + (5 - 5))?
0
7 - (-5 - (-3 + -4))
5
Evaluate -5 + (5 - (7 + 1)) + 6.
-2
What is the value of (-7 - (-14 + 7)) + 5?
5
Calculate -2 + (7 - 1) + -2.
2
Evaluate (-1 - -1) + -7 + 5 + -2.
-4
What is the value of (2 - -7) + -9 - 3?
-3
Evaluate -14 - (20 + -10 + -16).
-8
Evaluate 1 + 1 - (-3 - -8) - -6.
3
What is 1 + (-5 - (-10 - -4))?
2
What is (1 - 2) + -1 + (4 - 2)?
0
-3 + 8 - (0 + -2) - 3
4
Calculate -3 + (9 - 10 - -2).
-2
What is (-20 - -22) + (-1 - (3 + -2))?
0
What is the value of (6 - 2) + (-1 - 3) - -4?
4
What is the value of (3 - -1) + (-29 - -18) + -4?
-11
(11 - 18) + (2 - 0)
-5
(14 - 1) + -2 - (18 - 15)
8
What is the value of 3 - (0 + 4) - -3?
2
What is 5 + -2 + 1 + -1 + -1?
2
Evaluate 2 + 0 + (-5 - -2).
-1
Calculate 7 + 1 + (3 - (-7 - -21)).
-3
Evaluate (-1 - (-1 + 1)) + 5.
4
What is the value of (5 + -5 - 7) + -2?
-9
Calculate -7 - ((0 - 4) + 0).
-3
Calculate -1 - ((2 - 2) + 2 + -1).
-2
Evaluate (-1 + -1 - -10) + (25 - 24).
9
Evaluate -1 + -3 + (-3 - -2).
-5
What is (6 + 2 + 0 - 15) + -1?
-8
Calculate (3 - -9 - (4 - -3)) + -13.
-8
What is -2 + (-1 + 3 - -2)?
2
What is (1 - -4) + -2 + 3?
6
Calculate 1 + -2 + 1 - (-75 + 76).
-1
What is the value of 8 + 6 + -7 + (0 - 1)?
6
(1 - 2) + -2 + -1 - -3
-1
What is 3 + (9 - 5) + -6 - -3?
4
What is the value of 1 + (10 + -11 - (0 - -3))?
-3
What is 0 - (6 + (-8 - -5) - 3)?
0
0 - 8 - (14 + -8 + -7)
-7
What is the value of 12 + -4 - (27 - 11)?
-8
Calculate -43 - -42 - (-1 + 6).
-6
What is 3 - -6 - (-7 + 10)?
6
What is 4 - (-3 + 3) - (-28 - -29)?
3
What is 1 + -1 + (-68 - -61)?
-7
(-4 - (-4 + 5) - -3) + 5
3
What is the value of 6 + 8 + -6 + -3?
5
-1 + -1 + -4 + (0 - -1)
-5
5 + 12 + -31 + 9
-5
What is the value of 4 - (-1 + -7 + 15)?
-3
1 + -3 - 3 - (1 - 6)
0
Evaluate 1 + -1 + (4 + -9 - -4).
-1
3 - (4 + -11 + (4 - 0))
6
Evaluate 2 + 4 + -2 + 3 + -2.
5
(-7 - -1) + 9 - 0
3
What is -1 + -4 - (-7 - -6)?
-4
Evaluate 30 + -32 + (0 - 2 - -1).
-3
Evaluate -1 + 0 + 0 + -1 + 3.
1
Evaluate 1 + (2 - (4 - (4 + 1))).
4
Evaluate (-1 - -6) + -9 + -9 + 8.
-5
Calculate 7 + (-2 + -7 - -5).
3
Evaluate 0 + (0 - -2) + 3.
5
(14 - 22) + 8 + 3
3
-10 - (-5 + -5 + -6)
6
What is the value of (-6 - (-1 + 0)) + -37 + 44?
2
What is the value of (2 - (2 - -9)) + (-1 - -5)?
-5
What is -3 + 9 - -2 - 13?
-5
What is the value of 2 + (-10 - (-10 - 0))?
2
Evaluate 0 - -7 - (20 - 10).
-3
What is the value of 4 + 6 + (-5 - -10 - 9)?
6
What is the value of 2 - (-1 - (-4 - -2) - -7)?
-6
What is the value of (0 - -14) + -3 - (-12 + 16)?
7
What is the value of 8 + (0 - (6 + -7)) + -4?
5
What is -10 + 8 + (-2 - 0)?
-4
What is the value of -2 + 2 + 1 - (4 + -3)?
0
What is the value of -2 + (4 - -1) + (-10 - -11)?
4
What is -8 + (2 + -2 - 2) + 6?
-4
What is the value of -2 - (1 + 1 + 0 - -2)?
-6
What is the value of (-22 - -27) + 0 + -4 - -4?
5
Evaluate (-3 - 1 - -9) + (-9 - 0).
-4
Evaluate -10 - -8 - (1 - 0) - 2.
-5
Evaluate -9 + (5 - (6 + -8)) - 3.
-5
What is 3 + 1 + 32 + -37?
-1
What is -1 + -3 + 3 + -3?
-4
Calculate -5 + (0 - 1) + 5 + -2.
-3
-5 + -1 + 0 + 1
-5
What is the value of 5 + 0 + (-19 - -10)?
-4
Calculate -2 + 4 + -2 + 1.
1
2 + 5 + -5 + (2 - -1)
5
Evaluate 2 + -2 - (2 - (-7 + 8)).
-1
What is the value of 29 + -29 + -2 + (1 - 0)?
-1
Evaluate -8 + (7 - 